
Suppose 15 = 2*k + 5. Suppose 0 = -k*u + 511 - 91. Suppose -12*l + u = -10*l. What is the tens digit of l?
4
Let i be 0 + 0 + -5 - -11. What is the units digit of 0 + i/(-21) - 3462/(-14)?
7
Let l = -419 + 427. Suppose 179 = 4*w - u, 188 = 4*w + 4*u - l*u. What is the tens digit of w?
4
What is the thousands digit of (-44676208)/(-2728) + (-2)/(-22)?
6
What is the hundreds digit of (-16)/((-32)/6198) + 6?
1
Let i(w) be the second derivative of -w**4/4 + 4*w**3/3 + 2*w**2 - 244*w - 3. Let n = 2 + 1. What is the units digit of i(n)?
1
Let j(b) = b**3 - 9*b**2 - 9*b - 7. Let r(s) = 3*s**2 + 6*s + 1. Let c be r(-3). Let a be j(c). Suppose -a*w + 214 = -w. What is the units digit of w?
7
Let a = -220 + 229. Suppose -2*i - 84 = -o, -o + a*i + 84 = 10*i. What is the units digit of o?
4
Suppose -7*b - 7 = 35. Let u be (-4 + 4)/((-6)/b). Suppose u*g = -g + 46. What is the units digit of g?
6
What is the tens digit of (129/2)/((-29)/(-116))?
5
Suppose 0 = -3*g + 37*f - 39*f + 7273, g = f + 2431. What is the units digit of g?
7
Let r(t) = 333*t - 9913. What is the hundreds digit of r(165)?
0
What is the units digit of (6/1)/(51360/(-25704) - -2)?
3
What is the hundreds digit of 4/(-28) - 64090/(-182)?
3
Suppose 3*c - 3*x = 10758, -c + 4091 = x + 513. What is the tens digit of c?
8
Suppose 5*z = -2*m - 64, m - 3*m = 3*z + 64. Let c be m/((2/(-5))/((-12)/(-10))). Suppose 4*h = -0*h, 3*o - 4*h - c = 0. What is the units digit of o?
2
Let y(i) = i**3 + 2*i**2 + 8*i - 7. Let g be 5 + 36/6 - (2 - 1). Let m be (-17)/(-5) + (16/g)/(-4). What is the tens digit of y(m)?
6
Let x(d) = 87*d**3 + 32*d**2 - 189*d - 17. What is the ten thousands digit of x(6)?
1
Let s(q) = 49*q**2 + 3*q - 1. Let y be s(1). Let m = 51 - y. Suppose 4*i - 424 = -m*i. What is the tens digit of i?
0
Suppose -4*b + 4*i + 3960 = 0, -13*b + 5*i - 984 = -14*b. What is the units digit of b?
9
Suppose 3*n = -2*k - 11, -k - 2*n + 7 = -3*n. Suppose -k*u = 7*u - 9. What is the units digit of (-5 + 6)/(u/268)?
8
Let l be 76/(-114)*(2 - -31). What is the hundreds digit of ((-1479)/(-2))/(-3)*44/l?
4
Suppose 35462 + 25375 = 31*w - 41928. What is the units digit of w?
5
Suppose 0 = -t - 77 + 341. Suppose -q + 3 = 2*m - 166, -2*q - t = -3*m. Suppose -52 = -3*a + m. What is the tens digit of a?
4
Let o(p) = -228*p - 2189. What is the thousands digit of o(-68)?
3
Let y(f) = -10*f - 3. Let w(a) = 20*a + 6. Let c(z) = 4*w(z) + 7*y(z). Let g be ((-8)/(-68))/((-46)/(-391)). What is the tens digit of c(g)?
1
Let o be ((-18)/(-4) - 4)*6. Suppose o*w - 2*z = 697, 31*z - 3 = 28*z. What is the hundreds digit of w?
2
Let p = -74 - -89. Suppose h = 2*h + 5*v + p, v + 3 = 0. What is the hundreds digit of (-1746)/(-8) + (-5 - h)/20?
2
Let t(i) = 377*i - 90. Let v be t(3). Let b = v + -504. What is the units digit of b?
7
Let h(i) = 47*i**3 + 4*i**2 - 55*i + 1256. What is the tens digit of h(11)?
9
Let p(q) = 237*q + 2683. What is the units digit of p(21)?
0
What is the ten thousands digit of (-1 + (-11)/(-1))*(-1239479)/(-373)?
3
Suppose -2*s - 14 + 24 = 0. Suppose 0*o - o + s*r = 37, 0 = 5*o - r + 209. Let a = 72 + o. What is the units digit of a?
0
What is the units digit of ((-82)/123*1)/(1 + (-106102)/106098)?
3
Let k(r) = 11*r**2 - 2*r + 323. What is the hundreds digit of k(21)?
1
Let k be -5*2*13/10. Let x be ((-4)/(-6))/(k/(-78)). Suppose 0 = j + x*j - 105. What is the tens digit of j?
2
Let l be (42/30 + -5)*(1 + 4). Let b(z) = -z**3 - 19*z**2 - 20*z - 41. Let a be b(l). Let k(y) = y**3 + 8*y**2 - 8*y - 3. What is the units digit of k(a)?
2
Let z(n) = -n**3 - 9*n**2 + 7*n - 2. Let u be z(-5). Suppose 0 = 2270*c - 2276*c - 390. Let b = c - u. What is the units digit of b?
2
Let y(k) = -37*k**2 - 2*k + 1. Let d = 64 + -66. Let h be y(d). Let b = -59 - h. What is the units digit of b?
4
Let u(y) = 4*y - 37. Let k be 92/9 + (-4)/18. Let a be u(k). Suppose -a*p + 0*w + 304 = -w, -4*p - 4*w + 400 = 0. What is the hundreds digit of p?
1
Suppose 11*w + 4*w = 2205. Suppose -6*a = -13*a - w. What is the units digit of (a/35)/((-2)/470)?
1
Let c(a) = -6*a - 23. Let u be c(-4). Suppose -k = -u - 1, d = -3*k. What is the units digit of 2*2*(42/d - -29)?
8
Let g = 3735 - 2633. Let w = g - 664. What is the units digit of w?
8
Let s(c) = -c**3 + 3*c**2 + 3*c + 2. Let v be s(-1). Suppose 3*t + 30 = v*n, -3*n - 2*t + 1 = -4. What is the units digit of n?
5
Let s(y) = -1422*y + 56059. What is the tens digit of s(0)?
5
Suppose -16*g = -3*m - 11*g - 152, 2*g = -m - 58. What is the tens digit of m/(-4)*(44 - 8)?
8
Let z(y) = -2*y**2 - 67*y + 34. Let c be z(-34). What is the units digit of 181 + (2 + c)*-2?
7
Suppose -30 + 66 = 12*z. Suppose -20 = -2*q - 18, 309 = 2*r - z*q. What is the hundreds digit of r?
1
Let v(s) = 4*s + 66. Let t be v(-16). Suppose 0 = a - o - 233, -o + 85 - 555 = -t*a. What is the hundreds digit of a?
2
Let k(v) = 72*v**2 - 60*v - 381. Let l(b) = 7*b**2 - 6*b - 38. Let t(x) = -2*k(x) + 21*l(x). Let i be (-8)/(2*3/6). What is the hundreds digit of t(i)?
2
Let k be 16/12*(-3)/4*2. Let d be 3762/10 - (2/(-5))/k. Suppose 2*s + d = 5*m, -m - 3*s + 386 = 4*m. What is the units digit of m?
6
Suppose -6*d + 4 = -8. Suppose -d*v = -1 + 5, -3*b - 2*v = -932. What is the tens digit of b?
1
Suppose 5*d = -4*o + 84334, -12617 = -3*d + 2*o + 37979. What is the units digit of d?
6
Let u(h) = 88*h**2 + 212*h - 2466. What is the hundreds digit of u(11)?
5
Suppose -4804 = -4*x + 3*j, -5*x + 1796 = -3*j - 4206. What is the thousands digit of x?
1
Let i(u) = 34*u**2 - 23*u - 4. Let n be i(6). Suppose n*x = 1083*x - 43. What is the units digit of x?
3
Suppose 2*g + 4*d - d = 6, -4*d = 2*g - 10. What is the hundreds digit of 36285/118*(-10)/g?
0
Let g be -28 + -331 - (1 - -5). Let r = -64 - g. What is the tens digit of r?
0
Suppose 0 = 2*q - 35 + 29. Suppose -3*m = o - 1930 + 523, q*m - o - 1401 = 0. What is the tens digit of m?
6
Suppose -50867 = -21*d - 2735. Suppose 3*b = 8*b, -3*p - b + d = 0. What is the hundreds digit of p?
7
Let m be -2*(-2 + 20/8). Suppose -265 - 216 = 13*w. Let u = m - w. What is the tens digit of u?
3
Suppose 4*q + 9781 = 3*n - 2*n, -5*q = 3*n - 29309. What is the tens digit of n?
7
Let b be -4 - (0/(-1) + -22). Suppose b*v - 23*v + 2795 = 0. What is the units digit of v?
9
Suppose -n - 393 = -4*s + 112, 0 = 2*s - 2*n - 260. What is the hundreds digit of 6/(-10) + 58200/s?
4
Let p be (-2990)/(-6) - ((-55)/15 - -3). Let x = p - 174. What is the tens digit of x?
2
What is the tens digit of 140/520*13*(945 + 1)?
1
Let b(m) = m**3 + 14*m**2 + 5*m - 19. Let x be b(-14). Let c be x*(8/16)/((-2)/4). Suppose 0 = -2*q + c + 47. What is the tens digit of q?
6
Let x = -21600 - -22239. What is the hundreds digit of x?
6
Let u(t) = -139*t - 75. Let o be u(-6). Let f = o - 294. Let h = f + -214. What is the hundreds digit of h?
2
Let t = -7236 - -30195. What is the ten thousands digit of t?
2
Suppose -23*u + 24 = -11*u. Suppose 91 = l - d - 152, -d = u*l - 486. What is the hundreds digit of l?
2
Let p(q) = 46*q + 41. Let v = 205 - 199. What is the units digit of p(v)?
7
Let r(a) = 13*a**2 - 26*a - 23. Let j be r(15). Let h = 3729 - j. What is the hundreds digit of h?
2
Let s be (57 + -1)/(4 + (-420)/102). Let a = -228 - s. Let t = a - 141. What is the tens digit of t?
0
Suppose 5*f = -a + 17, 2*f + 21*a - 16*a = -7. Suppose -806 = -2*q + 4*h, -h - 1576 = -f*q - 5*h. Suppose -q = -4*o + 11. What is the units digit of o?
2
What is the hundreds digit of 6/(-81) - ((-969981)/81 - 3)?
9
Let s(k) be the third derivative of -46*k**2 + 19/6*k**3 - 5/12*k**4 + 0 + 1/5*k**5 + 0*k - 1/120*k**6. What is the units digit of s(5)?
4
Suppose -44*y = 70*y - 3238944 + 80460. What is the thousands digit of y?
7
Suppose -3*t - 2042093 = -70*t. What is the thousands digit of t?
0
Suppose -5*f - f + 18 = 0. Suppose 3*g + 2*p - f = -p, -4*p - 10 = -3*g. Suppose -2*l + 4*l - g*k + 6 = 0, -2*k = -5*l. What is the units digit of l?
2
Suppose h = -7*h + 7*h. Suppose 2*s = -u + 151, -u + h*u + 4*s = -121. What is the tens digit of u?
4
Let o be (-8652)/(-7) + -1 + -5. Suppose o = 3*h + 3*a, 0*h + 5*h - 2040 = -3*a. What is the tens digit of h?
0
Suppose -x + 53124 = 5*q, 7*x - 31926 = -3*q + 15*x. What is the tens digit of q?
2
Suppose 5*l +